-4*q**3 - 1066*q**2 + 3780*q - 67. Calculate z(-270).
-67
Let t(y) = y**3 - 13*y**2 - 1224*y + 27. Determine t(-28).
2155
Let k(b) = -432*b + 51369. What is k(120)?
-471
Let g(v) = -275*v**2 - 1678*v - 150. Calculate g(-6).
18
Let k(g) = g**3 - 87*g**2 - 2111*g - 26. Determine k(-21).
-3323
Let y(f) = -8*f**3 - 16*f**2 - 113*f - 792. Determine y(-7).
1959
Let g(k) = -19693*k - 768651. What is g(-39)?
-624
Let o(d) = 8*d**2 - 396*d - 1094. Give o(52).
-54
Let l(s) = -2*s**2 + 19*s + 60. Give l(-6).
-126
Let w(p) = 1578*p - 111993. What is w(71)?
45
Let d(i) = -2*i**3 - 29*i**2 - 327*i - 7002. Calculate d(-17).
2
Let b(i) = 18*i**3 - 1928*i**2 - 9593*i - 5. Calculate b(-5).
-2490
Let f(n) = -n**3 - 40*n**2 + 1612*n + 25508. Determine f(-13).
-11
Let j(z) = -78*z - 3950. Give j(-70).
1510
Let u(o) = -2*o**2 - 629*o + 29171. What is u(41)?
20
Let u(v) = -2*v**2 + 318*v - 5688. Determine u(19).
-368
Let n(j) = -3*j**3 + 508*j**2 - 167*j - 518. What is n(169)?
-180
Let l(y) = 195*y - 6593. Give l(26).
-1523
Let m(d) = -1208*d + 19067. Calculate m(16).
-261
Let x(l) = 52912*l - 53019. What is x(1)?
-107
Let x(v) = 2*v**2 + 225*v - 1798. What is x(-119)?
-251
Let t(c) = 51*c**2 - 363*c - 2100. Calculate t(-6).
1914
Let q(k) = -6841*k + 588308. Determine q(86).
-18
Let i(d) = -5*d**2 - 23*d - 143. What is i(9)?
-755
Let l(y) = -11*y**2 + 2972*y - 23595. Calculate l(262).
-15
Let r(z) = -8*z**3 - z**2 + 1401*z - 4214. Calculate r(3).
-236
Let d(i) = -3*i**2 + 6*i + 327. What is d(10)?
87
Let d(h) = -h**3 - 84*h**2 + 63*h - 1986. Calculate d(-85).
-116
Let q(t) = 100*t**3 - 8876*t**2 - 8876*t - 1. Calculate q(-1).
-101
Let c(i) = 2*i**2 + 109*i - 3192. Determine c(22).
174
Let f(s) = 1981*s + 515. What is f(-1)?
-1466
Let g(b) = -b**2 + 18237*b + 566316. What is g(-31)?
8
Let m(r) = -5*r**3 + 37*r**2 - 10*r + 269. Give m(8).
-3
Let a(v) = -4*v**2 + 13432*v + 107505. Calculate a(-8).
-207
Let k(j) = -4861*j - 52163. Calculate k(-11).
1308
Let t(m) = 1040*m**3 - 490*m**2 + 490*m + 1. Give t(1).
1041
Let t(m) = 3*m**3 + 3*m**2 - 64*m - 309. What is t(-5)?
-289
Let v(m) = -m**3 - 823*m**2 + 858*m + 27841. What is v(-824)?
-175
Let l(t) = 2*t**3 + 394*t**2 + 391*t + 56. What is l(-196)?
252
Let c(h) = -4*h**3 - 224*h**2 + 954*h - 361. What is c(-60)?
-1
Let i(s) = 302*s - 4646. Determine i(22).
1998
Let l(t) = -27899*t + 139491. What is l(5)?
-4
Let s(u) = 5361*u - 5440. Calculate s(1).
-79
Let x(m) = -6*m**2 - 3998*m - 24327. Calculate x(-6).
-555
Let o(w) = 4*w**3 + w**2 - 1503*w + 7000. What is o(5)?
10
Let i(d) = -d**3 + 56*d**2 - 78*d - 723. What is i(55)?
-1988
Let z(s) = 191*s - 14225. Give z(62).
-2383
Let r(c) = -2*c**3 + 32*c**2 - 59*c + 400. What is r(16)?
-544
Let r(i) = -34388*i - 378269. Calculate r(-11).
-1
Let x(r) = 6*r**2 + 118*r - 971. What is x(9)?
577
Let n(p) = -6*p**2 - 52519*p + 105066. Determine n(2).
4
Let p(b) = 10467*b + 72543. Give p(-7).
-726
Let r(d) = d**2 - 468*d + 2291. Give r(5).
-24
Let l(b) = 1325*b - 40879. Determine l(29).
-2454
Let g(u) = -63012*u - 63391. What is g(-1)?
-379
Let o(l) = -l**3 - 324*l**2 - 1875*l + 218. Calculate o(-6).
20
Let n(a) = 66*a**2 - 312*a + 340. Determine n(3).
-2
Let a(w) = -w**3 - 35*w**2 + 65*w + 632. Determine a(-37).
965
Let t(h) = -10*h**3 - 4*h**2 + 294*h - 289. Calculate t(1).
-9
Let g(f) = f**2 - 8785*f - 35144. Calculate g(-4).
12
Let w(z) = -25*z**2 + 283*z - 1. Determine w(14).
-939
Let u(t) = 2554*t - 172948. Determine u(67).
-1830
Let o(d) = -4*d**2 + 323*d - 4247. Determine o(64).
41
Let w(q) = -838*q - 8789. Give w(-8).
-2085
Let d(x) = -x**3 + 331*x**2 - 235*x - 31370. What is d(330)?
-20
Let l(y) = -6*y**2 - 83*y + 18423. Determine l(-62).
505
Let t(d) = 1743*d - 310252. Calculate t(178).
2
Let q(t) = -437*t - 85699. Determine q(-197).
390
Let z(n) = -47146*n - 2498725. Calculate z(-53).
13
Let t(w) = 1504*w + 87501. Determine t(-58).
269
Let a(j) = -10*j**2 - 746*j + 1512. Calculate a(2).
-20
Let y(p) = 10*p**2 + 521*p + 630. What is y(-51)?
69
Let i(w) = -42934*w - 816362. What is i(-19)?
-616
Let p(m) = 35*m**2 - 621*m + 4244. What is p(7)?
1612
Let x(q) = -2*q**3 + 10*q**2 + 62*q - 170. Calculate x(-5).
20
Let r(i) = 2*i**2 - 472*i - 1587. Calculate r(0).
-1587
Let h(a) = -5*a**3 + 204*a**2 - 653*a - 1855. What is h(37)?
-5
Let y(q) = -q**3 + 54*q**2 - 5*q - 2541. Determine y(53).
3
Let s(u) = -554*u + 29960. What is s(54)?
44
Let l(q) = -q**2 - 33470*q + 368237. Calculate l(11).
-54
Let h(o) = -731*o**3 - o**2 - 337*o - 336. What is h(-1)?
731
Let k(o) = -26235*o + 4013936. Give k(153).
-19
Let d(f) = 1967*f + 934332. Give d(-475).
7
Let f(j) = -6*j**2 - 3192*j - 22047. Give f(-525).
3
Let y(q) = 2*q**3 - 36*q**2 - 520*q + 8453. Calculate y(13).
3
Let q(c) = -696*c - 9982. What is q(-14)?
-238
Let u(l) = -l**3 - 135*l**2 - 567*l - 5392. Calculate u(-131).
241
Let m(w) = 177*w**3 - w**2 + 2*w - 1. What is m(1)?
177
Let d(h) = -3*h**3 - 34*h**2 + 61*h + 982. Give d(-14).
1696
Let f(u) = 1778*u**2 + 24*u - 6. Give f(0).
-6
Let k(r) = -r**3 - 102*r**2 + 103*r + 691. Give k(-103).
691
Let w(z) = 4*z**3 - 3*z**2 - 265*z - 713. Determine w(-3).
-53
Let v(z) = z**2 - 41907*z + 753965. What is v(18)?
-37
Let y(s) = 7*s - 211. Give y(2).
-197
Let g(a) = a**2 + 405*a + 27423. Give g(-86).
-11
Let z(y) = 11965*y + 2931445. Determine z(-245).
20
Let x(h) = -h**3 + 162*h**2 - 1363*h - 289. Give x(9).
-163
Let m(u) = -3*u**2 - 119*u + 3353. What is m(18)?
239
Let x(f) = 4*f**2 - 694*f - 1658. What is x(176)?
102
Let s(g) = g**2 - 17121*g - 634837. Determine s(-37).
9
Let m(d) = -44228*d + 10393588. Give m(235).
8
Let h(p) = -483*p**3 - 1451*p**2 - 26*p - 67. Give h(-3).
-7
Let u(j) = 23866*j + 238578. Determine u(-10).
-82
Let s(l) = -l**3 + 8*l**2 + 2402*l + 755. Give s(-45).
-10
Let o(r) = -4*r**2 + 1765*r - 178609. Give o(284).
27
Let n(l) = 2*l**3 - 38*l**2 - 12*l - 36. What is n(19)?
-264
Let v(r) = -28669*r + 229454. Determine v(8).
102
Let z(i) = 3*i**2 + 3022*i + 495200. Calculate z(-206).
-24
Let r(n) = 15*n**3 + 7*n**2 - 108*n + 263. Give r(3).
407
Let a(r) = -15*r**2 + 474*r + 31. What is a(32)?
-161
Let i(n) = -3*n**2 - 1039*n - 58278. Determine i(-276).
-42
Let n(p) = -35*p**2 + 3914*p + 647. Give n(112).
-25
Let a(l) = -2691*l + 8621. Calculate a(4).
-2143
Let s(g) = -2*g**2 - 10355*g - 31053. Determine s(-3).
-6
Let x(d) = d**3 + 26*d**2 - 60*d - 2581. Calculate x(-24).
11
Let y(s) = 2556*s + 2553. What is y(-1)?
-3
Let p(r) = 279547*r - 3913663. Determine p(14).
-5
Let p(c) = 3*c**2 - 94*c - 513. Determine p(36).
-9
Let c(h) = -935*h - 88620. What is c(-95)?
205
Let a(g) = 127*g + 30506. What is a(-259)?
-2387
Let q(m) = -120*m**2 - 33*m - 111. What is q(-4)?
-1899
Let y(l) = 6*l**2 + 1341*l + 6160. Determine y(-219).
247
Let v(n) = -n**3 - 53*n**2 - 43*n - 2275. What is v(-53)?
4
Let q(v) = v**2 - 225*v + 11064. What is q(81)?
-600
Let f(v) = -2063*v + 20652. Determine f(10).
22
Let r(j) = 2*j**2 - 659*j - 1119. Calculate r(0).
-1119
Let w(h) = 3*h**3 + 46*h**2 - 218*h - 1886. Calculate w(-19).
-1715
Let k(p) = 4*p**3 - 158*p**2 + 569*p - 17. Calculate k(4).
-13
Let l(p) = 85914*p - 3780223. Calculate l(44).
-7
Let x(t) = 4*t**3 + 60*t**2 + 137*t + 1146. Give x(-14).
12
Let d(h) = 86087*h - 2238222. What is d(26)?
40
Let f(g) = -g**2 + 168*g - 397. What is f(0)?
-397
Let i(k) = 39*k**2 - 318*k - 2758. Calculate i(13).
-301
Let y(a) = 128*a**2 + 1195*a - 19971. Calculate y(-18).
-9
Let f(p) = -3*p**3 - 41*p**2 + 38*p + 112. What is f(-14)?
-224
Let h(d) = 37*d**2 + 322*d + 1764. What is h(-6)?
1164
Let l(n) = -5*n - 902. Give l(54).
-1172
Let c(f) = -2987*f + 534674. Give c(179).
1
Let q(c) = 52583*c - 315411. Give q(6).
87
Let u(a) = a**2 + 407*a + 18670. Give u(-354).
-92
Let m(h) = -2*h**2 - 5*h - 32. Give m(5).
-107
Let n(w) = w**3 - 113*w**2 - 607*w + 1992. What is n(118)?
-14
Let j(d) = -13*d**3 + 245*d**2 - 166*d - 13. Give j(18).
563
Let y(n) = n**3 - 96*n**2 + 1549*n + 1842. Calculate y(75).
-108
Let u(z) = -6*z**3 - 173*z**2 - 26*z - 1455. What is u(-29)?
140
Let h(f) = -f**3 - 49*f**2 - 391*f - 91. Calculate h(-40).
1149
Let m(j) = -j**3 + 546*j**2 - 8485*j - 169. What is m(16)?
-249
Let x(f) = 237073*f - 237069. Give x(1).
4
Let o(f) = 94044*f + 1410551